- (-27)/(-9).
2, 89
Let c be (-6)/4 + 159/6. Suppose d - c = -7. List the prime factors of d.
2, 3
Suppose -i + 31 = 11. What are the prime factors of i?
2, 5
Suppose 5*z = 10*z - 420. List the prime factors of z.
2, 3, 7
Let s(w) = -w. Let d be s(-2). Suppose 0 = -2*k + 3*k - d. Suppose -k*f = 3*f - 25. List the prime factors of f.
5
Let h = 5 + 32. List the prime factors of h.
37
Let k be (97 - (-1 + 2)) + 0. Suppose 3*z = -0*z + k. List the prime factors of z.
2
Let m = -99 + 158. List the prime factors of m.
59
Suppose d = -2*z - 0*d + 29, -2*z - 3*d = -39. List the prime factors of z.
2, 3
Suppose 2*w + 1 = 4*d + 47, -2*w - 4*d + 54 = 0. List the prime factors of w.
5
Let x = 1 - -9. Let q(k) = 4*k + 6*k + 0*k**2 - x - 4*k + k**2. What are the prime factors of q(-9)?
17
Let i(y) = y - 3. Let v be i(5). Let p(b) = -b**3 + 12*b**2 + 13*b + 4. Let o be p(13). Let r = o + v. List the prime factors of r.
2, 3
Let j = 3 - -3. What are the prime factors of j?
2, 3
Let v be ((-14)/(-6))/((-1)/12). Let k be ((-16)/v)/(2/7). Suppose k*b = b + 11. List the prime factors of b.
11
Let a be -2 - 1*(-2 - 0). Suppose 5*o + 4 - 29 = a, -3*q - o + 143 = 0. List the prime factors of q.
2, 23
Let r(f) = -f. Let y be r(-6). Let j(s) = 12*s. Let c be j(1). List the prime factors of (27/c)/(y/32).
2, 3
Let k(n) = -n**2 + 3. Let h be k(5). Let t = -12 - h. What are the prime factors of t?
2, 5
Let n(q) be the first derivative of q + q**2 - 2*q**2 - 3 + 2. List the prime factors of n(-2).
5
List the prime factors of (2 + 2 + -5)*-4.
2
Suppose 3*y = -0*y + 6. Suppose 0 = -0*h - y*h + 20. List the prime factors of h.
2, 5
Let a = 4 - 9. Let q(j) = -j - 1. What are the prime factors of q(a)?
2
Let v(c) = -3*c + 3. Suppose 5*b - 20 = 5*f + 10, 5*f + b = -18. What are the prime factors of v(f)?
3, 5
Let m(a) = a**3 + 2*a**2 - 2*a - 1. Let z be m(-2). Suppose -22 = -z*k + 26. What are the prime factors of k?
2
Let i(o) = 2*o - 8. Let c(u) = 2*u - 4. Let l be c(4). Let h(w) = -w**2 + 7*w - 5. Let y be h(l). List the prime factors of i(y).
2, 3
Let p = -29 - -62. Suppose b - p = 5. What are the prime factors of b?
2, 19
Suppose -4*k = -2*j + 40, -2*j - k + 37 = -6*k. What are the prime factors of j?
2, 13
Let t be 5/(-3)*(-2 + -1). Suppose t*b + 0*b = 115. What are the prime factors of b?
23
Suppose 5*c = -915 - 30. List the prime factors of c/14*4/(-6).
3
Let t(q) = q**3 - 4*q**2 + 3. Suppose -7*h = -3*h + 2*i - 8, h = -i + 1. Let v be t(h). List the prime factors of v/4*(-42)/9.
7
Suppose 1 = 5*l - 19. Suppose -4*k + 7 = -t, -2*t = -5*t + 2*k + 9. Suppose 2*m + 18 = i, -34 = -l*i + t*m + 29. What are the prime factors of i?
2, 3
Let f be 2/(-1)*(-6)/4. Suppose -f*m + 21 = 3*k, -k + 5*k = 0. What are the prime factors of m?
7
List the prime factors of (15/(-10) + 4)*8/10.
2
Let n(p) = p**3 + 26*p**2 - 40*p - 17. List the prime factors of n(-27).
2, 167
Let y(u) = -u**2 - 6*u. Let k be y(-6). Suppose s - 4 = -o - 1, o - 3*s - 11 = k. List the prime factors of o.
5
Let q(u) = 2*u**2 + 3*u - 2. List the prime factors of q(-3).
7
Let j(n) = n**2 - 11*n + 3. Let r be j(11). Suppose 47 = r*m - z, m = -0*m + 4*z + 1. List the prime factors of m.
17
Suppose 0 = -p + 2*v - v + 177, 2*v + 529 = 3*p. List the prime factors of p.
5, 7
Let w(h) = -h + 77. What are the prime factors of w(25)?
2, 13
Suppose 4*f - 7 - 5 = 0. Suppose -f*a + 37 = 2*d, -2*d + 0*d = 5*a - 63. What are the prime factors of a?
13
Let c(v) = -v**3 - 7*v**2 + 6*v. Let o be ((-4)/2)/((-2)/(-22)). Let s = o + 14. What are the prime factors of c(s)?
2
Let n(u) = u**3 + 7*u**2 + 6*u + 4. Let v be n(-6). Suppose -y = -2*q + 4*y + 83, 5*y - 151 = -v*q. List the prime factors of q.
3, 13
Let c(x) = -3*x. Let b = -3 - -1. Let r be c(b). Suppose r*j - 3*j - 24 = 0. What are the prime factors of j?
2
What are the prime factors of 2*(0 - -1)*747/18?
83
Let f(h) = 9*h**2. Let w(r) be the first derivative of -r**4/4 + r**3 + r**2/2 - 4*r + 1. Let t be w(3). What are the prime factors of f(t)?
3
Let v(k) = -2*k. Suppose x - 6 = -2. Let d be v(x). Let q = d - -15. List the prime factors of q.
7
Let i(n) = -27*n**3 + 3*n + 2. What are the prime factors of i(-1)?
2, 13
Let g(q) = 2*q**2 - 3*q - 9. List the prime factors of g(6).
3, 5
Let j(c) = -c**2 + 4*c**2 - 4*c**2 - 4*c. Let w be ((-6)/8)/((-5)/(-20)). List the prime factors of j(w).
3
Suppose -4*r + 160 - 52 = 0. Let z = 57 - r. List the prime factors of z.
2, 3, 5
Suppose -5*i - q + 325 + 508 = 0, 0 = 5*q - 15. List the prime factors of i.
2, 83
Suppose 10*i = 7*i + 876. List the prime factors of i.
2, 73
Suppose -4*v = -2*k - 1152, -4*v + 1124 = -0*k + 5*k. What are the prime factors of v?
2, 11, 13
Suppose -141 = -2*o - 0*o + 3*b, -2*o = 4*b - 148. What are the prime factors of o?
2, 3
Suppose 19 = u + 2*w + 2*w, u + w - 34 = 0. What are the prime factors of u?
3, 13
Suppose 4*l = z - 28, 4*z + 0*l + l - 61 = 0. What are the prime factors of (z/24)/(4/66)?
11
Let s(y) = -y**3 - y**2 + 43. List the prime factors of s(0).
43
Let d(g) = -g**2 - 10*g - 9. Let z be d(-7). Suppose 0 = -6*l + 2*l - z. Let c(x) = 3*x**2 + 4*x + 1. What are the prime factors of c(l)?
2
Let n = 5 - 4. Let h(o) = o**2 - 17*o + n + o**2 - 3 + 14*o. What are the prime factors of h(3)?
7
Let z(r) = 2*r**3 - 4*r**2 + 4*r - 2. Let j be z(2). Let a be 88/j + (-1)/(-3). List the prime factors of (-4)/(-10) - (-174)/a.
2, 3
Suppose -3*f + 118 = -41. What are the prime factors of f?
53
Let g be 2/6 + (-5)/(-3). What are the prime factors of (-66)/9*(-3)/g?
11
Suppose 3*q - 268 = -55. What are the prime factors of q?
71
What are the prime factors of -1 + (1 - 2)*-3?
2
Let g(j) = -3*j + 2. Let y be g(3). Suppose -4*l + 17 + 43 = 4*f, -31 = -2*l - f. Let c = l + y. List the prime factors of c.
3
Let t(j) = -4*j - 3. Let w = 1 - 3. Let b be t(w). Suppose -6 = -2*u - 2*n, b*u - 5*n = 34 + 31. What are the prime factors of u?
2
Let n(b) = 5*b**2 + 4*b + 3. What are the prime factors of n(-3)?
2, 3
Let n be (0/(-2))/(-3 + 1). Let b(a) = a - 1. Let k be b(3). Suppose -3 = -k*x - 5*j, -2*x + n*j + j = -9. What are the prime factors of x?
2
Let w(d) = 62*d + 2. List the prime factors of w(1).
2
Let m(n) = n**2 + 4*n + 3. Let v be m(-3). Suppose 2*b - 45 + 3 = v. What are the prime factors of b?
3, 7
Let v be (3 - 44/(-8))*2. Let p = 29 - v. List the prime factors of p.
2, 3
Let s(x) = -16*x - 1. Let g be s(2). Let o = 54 + g. List the prime factors of o.
3, 7
Suppose -14 = p - 60. Let u = -28 + p. What are the prime factors of u?
2, 3
Let h be (-5)/25 + (-26)/(-5). Let u be 4*(h/4 - 0). Suppose -23 - 2 = -u*o. List the prime factors of o.
5
Suppose -5*a - 239 = -2*s + 141, 0 = -a. What are the prime factors of s?
2, 5, 19
Let m = -25 - -118. What are the prime factors of m?
3, 31
Let o(i) = i**2 + 6*i - 2. Let x be o(-6). Let y be x/((-5)/(15/(-6))). List the prime factors of 15/2 - y/2.
2
Suppose 4*b + 3 = v + 12, 3 = 5*b - 4*v. List the prime factors of b.
3
Let d(f) = 4*f - 1. Let c be (1/(2/6))/1. What are the prime factors of d(c)?
11
Suppose 0 = 2*f - 22. List the prime factors of (f + 6)*(0 + 1).
17
Suppose 3*w - n = 99 - 2, w + 3*n - 49 = 0. List the prime factors of w.
2, 17
Suppose 3*t - 6*t = -12. List the prime factors of t.
2
Let r(p) = p**3 + 8*p**2 + 5*p - 5. What are the prime factors of r(-6)?
37
Suppose 0 = 3*w - w - 6. Let v = w - -12. List the prime factors of v.
3, 5
Suppose -w - 4*m - 20 = -3*w, 0 = w - 3*m - 9. Suppose 2*f - w = -0. Let l = -1 + f. What are the prime factors of l?
5
Suppose 8*r - 46 = 3*r + 2*o, 4 = 2*o. What are the prime factors of r?
2, 5
Suppose -2*j + 8 = 2*j. Let o be 1/(j/(-2))*-6. What are the prime factors of ((-12)/(-8))/(o/8)?
2
Suppose -k + 18 - 7 = 0. List the prime factors of k.
11
Suppose -4*v = 2*v - 90. List the prime factors of v.
3, 5
Let f = -129 + 192. List the prime factors of f.
3, 7
Let h(x) = -4 + 2 + 3 - 4*x**2. Let u be h(-1). Let o = u + 10. What are the prime factors of o?
7
Suppose -n + 27 = 3*j + 2*n, 4*j + n = 21. Suppose -42 = -4*v - 2*q, -5*v + 3*q + 33 = -q. Let r = j + v. List the prime factors of r.
13
List the prime factors of ((-16)/6)/(2/(-264)*2).
2, 11
Let v(h) be the second derivative of h**5/20 + h**4 + 3*h**3/2 - 5*h**2 - h. L